v - 17, -5*v + 49 = -4*l + 117. Calculate the remainder when 420 is divided by l.
12
Let u = -183 - -217. Let x(r) = -2*r + 34. What is the remainder when u is divided by x(10)?
6
Suppose -5*j - s - 4*s = -295, j = -3*s + 49. Let w = j + -61. Suppose 0 = w*p - 7*p + 5*z + 155, -p + 43 = 3*z. What is the remainder when p is divided by 21?
19
Suppose 33*c = 12*c + 231. Suppose -603 - 211 = -c*b. Calculate the remainder when 365 is divided by b.
69
Let h(k) = 0*k - 88 - 74 - 1 - 14*k + 4*k. Calculate the remainder when 87 is divided by h(-21).
40
Let x(b) = 689*b - 1333. Calculate the remainder when x(3) is divided by 43.
3
Suppose -4*w - w = -80. Let b = -184 - -109. What is the remainder when 2/30*(10 + -19)*b is divided by w?
13
Suppose -1214*d + 1215*d = 16. Calculate the remainder when 348 is divided by d.
12
Suppose 51*s - 56*s - 35 = 0, -g + 207 = 5*s. What is the remainder when g is divided by 111?
20
Suppose 295*k + 202*k - 12644 = 2266. Let i = 6 + 21. Calculate the remainder when k is divided by i.
3
Let z = 65 + 5. Let g(m) = -9*m + 33. What is the remainder when z is divided by g(2)?
10
Suppose -3*h - u = -13, h - 17*u - 9 = -15*u. Suppose 26 = 3*z + h*l, -4*z - 2*l + 9 + 7 = 0. What is the remainder when (1 + 1)*(-5)/(-2) is divided by z?
1
Let g(u) = -u**3 - 14*u**2 + 9*u + 8. Let z be 0 + 0 + (99 + -3)/(-6). Let j be g(z). Suppose j = 4*m - 0*m. Calculate the remainder when m is divided by 19.
18
Let d = -145 - -221. Let y = d + -139. Let w = -49 - y. What is the remainder when w is divided by 6?
2
Let t = -1004 - -1755. Suppose 313 + t = 14*h. Suppose 0 = -3*c - 0*c + 33. Calculate the remainder when h is divided by c.
10
Calculate the remainder when ((-1)/(-3))/(1/255) is divided by 29.
27
Suppose 8*x - 19 = -67. Let d(o) = 4*o**2 - 6*o + 11. What is the remainder when d(x) is divided by 65?
61
Suppose -5*c - 322 = -5*v - 3102, 2*v = c - 1109. Let n = v - -681. Calculate the remainder when n is divided by 67.
61
Let x(j) = 66*j**2 - 17*j - 138. What is the remainder when x(-7) is divided by 161?
156
Suppose -1688 = -64*b + 1512. What is the remainder when 113 is divided by b?
13
Let j = -6994 - -7006. Calculate the remainder when 178 is divided by j.
10
Let g = -13307 + 13314. What is the remainder when 670 is divided by g?
5
Let r(h) = h**3 + 63*h**2 + 6*h + 455. What is the remainder when 910 is divided by r(-63)?
63
Let y(x) = 27*x**2 + 4*x - 6*x + x. Let t = -5106 - -5105. What is the remainder when 195 is divided by y(t)?
27
Let n(z) = z + 5*z + 126*z**2 + 7 - 116*z**2. What is the remainder when n(-2) is divided by 13?
9
Suppose 0 = -2*q - 34 + 114. Let y = -15 - -45. Suppose 0 = y*d - 32*d + 158. Calculate the remainder when d is divided by q.
39
Let w(d) be the third derivative of d**5/30 - 13*d**3/3 + 3*d**2 + 17*d. What is the remainder when w(-8) is divided by 13?
11
Suppose 19*w + 7304 - 16708 = 17918. What is the remainder when w is divided by 38?
32
Let y = -784 + 1882. Suppose 578 = 4*j - y. Calculate the remainder when j is divided by 42.
41
Let t(k) = -k**2 - 35*k - 170. Suppose 136*u - 137*u = 6. Calculate the remainder when 6 is divided by t(u).
2
Let x(m) = -m**3 + 17*m**2 - 24*m - 81. Calculate the remainder when 116 is divided by x(15).
8
Let q(r) = r + 11. Let g be q(-7). Suppose 0 = g*s + 2*f - 152 - 64, 5*s = 4*f + 270. Let z = 309 - 294. What is the remainder when s is divided by z?
9
Suppose -53*p - 13639 = -30*p. Let n = p + 601. What is the remainder when 142 is divided by n?
6
Suppose -1201*j - 1276 = -1259*j. Calculate the remainder when j is divided by ((-18)/15)/((-2)/5).
1
Suppose 4*l + 4*b = -b + 234, -b - 278 = -5*l. What is the remainder when (-17 - -15)*-3*(4 + -2) + 55 is divided by l?
11
Suppose 60 = -15*q - 0*q. Let r = -85 + 118. Calculate the remainder when r is divided by ((-2)/q)/(2/44).
0
What is the remainder when (-258)/(-8) + (-28)/(-21)*(-33)/176 is divided by 4?
0
Suppose -54 = 3*j + l - 4*l, 0 = l - 1. What is the remainder when 30/(-1)*j/34 is divided by 8?
7
Let h = -31 - -69. Let p(y) = -10*y**2 - 95*y - 12. Let j be p(-13). Let l = j - -489. What is the remainder when h is divided by l?
16
Let z = -295479 + 295542. Let n(o) be the second derivative of -o**3/6 + o**2 + o. Calculate the remainder when z is divided by n(-4).
3
Suppose 875 = 4*u + 3*p, 4*p = 3*u - 635 - 15. Let v = -156 + u. Calculate the remainder when v is divided by 44.
18
Let l = 13 + 14. Let m = 84 + -85. Calculate the remainder when (-112)/(-2) + -6 - (-2)/m is divided by l.
21
Calculate the remainder when 668 is divided by 629/74 + 3/(-2) + 44 + -2.
31
Let a(m) = 19*m**2 + 189*m - 38. Let o(s) = 6*s**2 + 64*s - 13. Let b(v) = 6*a(v) - 17*o(v). What is the remainder when b(-7) is divided by 39?
25
Suppose -6*m + 51 = -3*m. Let r = 24 - 19. Suppose 0*w - w = r, 5*t - 350 = 4*w. What is the remainder when t is divided by m?
15
Suppose -v + 15 = 4*v. Suppose 5*k - 6*k - 97 = 0. Let i = k - -105. What is the remainder when i is divided by v?
2
Suppose -57926 = 17*u - 61054. Suppose 2*o - 45 = 31. What is the remainder when u is divided by o?
32
Let j = -4767 + 4794. Let f = -4 + 13. Calculate the remainder when j is divided by f.
0
Let q be (4/5)/(2/15). Let p(o) = o**2 - 28*o - 277. What is the remainder when p(-8) is divided by q - 3 - 1*-2?
1
Let o = 5 + -133. Let j = o - -172. Let x(l) = l**2 + 23. What is the remainder when j is divided by x(0)?
21
Suppose -5*r = -3*d - 760 + 4255, 0 = -5*r - 5*d - 3495. Let h = 719 + r. Let j = 2 - -5. Calculate the remainder when h is divided by j.
6
Calculate the remainder when 23/(1150/11590) + 4/(-5) is divided by 6.
3
Suppose 26*l - 654 = 308. Let g = -455 + 535. What is the remainder when g is divided by l?
6
Let j be (-363)/(-9) + (-56)/(-12) + -4. Calculate the remainder when (j - 2)/(5/15) is divided by 17.
15
What is the remainder when 381 is divided by (-87)/(-2175) + 1924/25?
73
Let f(x) = -x**2 + 18*x - 15. Let p be f(15). Suppose 38*m - p*m - 104 = 0. What is the remainder when m is divided by (-15)/12*4/(-1)?
3
Suppose -3*r + 21 = 4*m - 46, -2*m = 4*r - 26. Calculate the remainder when 243 is divided by m.
15
Suppose x - 28 = -24. Let d = 31 - x. What is the remainder when 125 is divided by d?
17
Let a = 221 + -199. Let u(o) = -o**2 + 26*o + 83. What is the remainder when u(a) is divided by 43?
42
Let g(n) = n**3 + 19*n**2 - 53*n - 55. Let b be g(-17). Suppose -4*l = -20*l + b. Calculate the remainder when l is divided by 12.
5
Calculate the remainder when 21/1 + 782 + -82 is divided by 17.
7
Suppose 978*i = 974*i + 436. What is the remainder when 887 is divided by i?
15
Let k = 2354 - 2300. What is the remainder when 11609 is divided by k?
53
Let r = -11291 + 13344. What is the remainder when r is divided by 14?
9
Let i be 2/5 - (-322)/(-5). Suppose -2*s + 18 = 5*z - z, 4*z = 2*s - 50. What is the remainder when (18/24)/(-1)*i is divided by s?
14
Suppose 3*v = -5*i + 8*v + 116440, 0 = -7*i + 4*v + 163025. Calculate the remainder when i is divided by 12.
11
Suppose 130*m = 136*m - 648. What is the remainder when 51 is divided by 38*(-3)/2*(-36)/m?
13
Let y be (559/(-3) - -1)/(252/(-378)). Suppose 0 = -12*i + 10 + y. Suppose -5 = -2*q + h + 73, 4*h + 16 = 0. Calculate the remainder when q is divided by i.
13
Suppose -14*i + 19*i - 1585 = 0. Suppose 33*z - i = 32*z. What is the remainder when z is divided by 11?
9
Let t = 16 - 14. Suppose 4*q = -0*q - 2*r + 480, -t*q - 3*r = -240. Suppose 0*z = -3*z + q. Calculate the remainder when 77 is divided by z.
37
Let q = 55 - 55. Suppose 17*u + 64 - 387 = q. Calculate the remainder when u is divided by 3/2*(-60)/(-9).
9
Suppose -4*r + 40 = 6*r. Suppose 0 = r*d - 16, 10*u - 8*u - d = 38. Calculate the remainder when 46 is divided by u.
4
Let u(l) = 2*l**2 - 17*l + 40. Let a be u(5). Calculate the remainder when (a/15 - 0)*243 is divided by 7.
4
Suppose 0 = -4*t + 17 + 15. Let n(p) = -27*p + 1917. Calculate the remainder when n(70) is divided by t.
3
Let a be (-14)/(-8) + -2 - (-113)/4. Let j = a - 23. Suppose 48 = 3*h - f, -j*h = 2*f - 25 - 44. Calculate the remainder when 40 is divided by h.
10
Let u = -38 - 33. Calculate the remainder when 275 is divided by u*(6/21)/((-2)/7).
62
Suppose -2*m + 63 = m. Let d(s